he value of -1 + 4 - (-4 + 4 + -1)?
4
Calculate -6 + (5 - 0) - 2.
-3
What is the value of (-1 + 1 + -1 - -2) + 2?
3
What is 1 + -1 + 1 + (64 - 64)?
1
Calculate -2 + (-1 - (2 - 4)).
-1
Evaluate -6 + 7 + 1 + -3.
-1
Calculate -140 + 149 + -7 + 1.
3
-14 - (3 - 11) - -10
4
What is 1 + -7 - (-3 + 7 + -2)?
-8
Evaluate 35 + -21 + -14 + (1 - 2).
-1
What is 10 + -1 + 3 - 5?
7
Calculate 1 + 10 + -14 + 7.
4
What is the value of (1 - 1) + 1 + (-39 - -35)?
-3
3 + (7 - 10) + -11 + 6
-5
What is the value of -5 + -3 - (3 - (7 + 0))?
-4
Evaluate 10 + -11 + 22 + -18.
3
Calculate 27 + -27 - (-2 + 8) - -1.
-5
Calculate -1 - (-9 - -5 - -3).
0
Evaluate (42 + -48 - (-6 + 1)) + -5.
-6
Calculate 4 - (-3 - (2 + -14)).
-5
Evaluate 0 + 6 + -1 - (10 + -1).
-4
What is 7 + (0 - 3) + 1?
5
Evaluate 6 - ((18 - 12) + 0 + -2).
2
-4 + (-5 - (5 - 5 - 3))
-6
(2 + -8 - -4) + -1
-3
-5 - (0 + 1 + 0 + -2)
-4
Calculate (6 - (-5 + 13)) + 3.
1
-7 - (-5 + 2 + -1 + 4)
-7
-2 + (5 - 0) + -1 - -2
4
Calculate (18 - 31) + (1 - -19).
7
Calculate 0 + -5 + (12 - (-3 - -7)).
3
What is -6 - ((2 - 9) + 2)?
-1
-3 - (0 + (1 - (6 + -5)))
-3
What is -3 + (5 - 1) + 3 - 1?
3
Calculate 2 + (0 - (10 + -15)).
7
Evaluate -5 + 7 + (-6 - 2).
-6
(4 - 1) + 0 - 4
-1
Evaluate -7 + (4 + 1 - 3).
-5
Calculate -2 + 2 - -2 - (-3 - -4).
1
Calculate (-2 - 0) + (16 - 8).
6
Evaluate 7 - (2 - (-7 + (5 - 1))).
2
What is the value of 7 - (5 - (2 - 5 - -2))?
1
What is 1 + (2 - 2) + -12 + 18?
7
8 - (-1 + -3 - -9)
3
Calculate -8 + -2 + (2 - (-1 + -2)).
-5
Evaluate -24 - -28 - (2 - -1).
1
What is -31 - -30 - (0 - -1 - -5)?
-7
Evaluate -4 + 4 + -2 + -1 + 4.
1
What is the value of -3 - ((-2 - 4) + 5)?
-2
Calculate 19 - 15 - (2 + 1).
1
What is the value of (0 - -6) + (9 + 2 - 12)?
5
Calculate 7 - -1 - (87 + -80).
1
Calculate 1 + 5 + -9 + 1 + 0.
-2
Calculate (2 - 3) + 9 + -6.
2
What is the value of -1 - -2 - (1 - 5) - 5?
0
0 - (-1 - (0 + 2)) - 7
-4
Evaluate -2 + (-12 - -6) + (1 - -2).
-5
Evaluate (0 - (3 - 6 - -1)) + 1.
3
What is the value of (-4 - (-4 + 3)) + (0 - 0)?
-3
Calculate 7 + -8 - (-6 - (-2 - 11)).
-8
Evaluate (6 + 3 - 5) + -3 + -6.
-5
What is the value of -26 + 6 + 10 - -3?
-7
Calculate 4 - (-2 - -1 - (-4 - 1)).
0
(-7 - (1 - 15)) + -2
5
What is 5 + 7 + -14 + 6?
4
What is 1 - (-1 - -2) - (-3 - 2)?
5
What is the value of -2 - (-3 + 6 - 11) - 16?
-10
10 + 0 + 1 + -10 + 6
7
What is the value of 5 - (0 - (-12 - -2))?
-5
-8 - (7 - (5 - (0 + -4)))
-6
What is the value of -3 - (4 + -1 - (4 - 4))?
-6
1 + (-1 + 7 - -4)
11
What is the value of (-4 + 0 - 2) + 4?
-2
Calculate -1 - (4 - (2 - -2) - -1).
-2
(-3 - 1) + (3 - (4 - 3))
-2
(-1 - -4) + (2 - (-7 + 14))
-2
(-6 - -4 - -5) + -8 - -7
2
What is the value of (1 - (5 + -6)) + -5?
-3
What is the value of 0 - (5 + 6 + -7)?
-4
What is the value of 3 + (-8 - (10 - 11))?
-4
What is -2 - (-4 - -8 - 9)?
3
5 + (-18 + -9 - -13)
-9
Calculate 1 - 0 - -3 - 8.
-4
What is 0 + 6 + -16 + 1?
-9
Evaluate 5 + -9 + 0 + 5.
1
Calculate (14 + -13 - -12) + -1 + -5.
7
What is 10 + -3 + 1 + (-4 - -1)?
5
What is -1 - (-2 + 3 - 6 - 1)?
5
(1 - -2) + 0 - (33 + -35)
5
Evaluate -6 - (-3 + (4 - 2)).
-5
What is the value of (-1 - 7) + 3 - (-1 + 0)?
-4
Calculate 7 + (3 - 7) + (1 - 1).
3
What is the value of 3 - 8 - (3 - (0 - -1))?
-7
What is -4 + -1 + (-1 - -4)?
-2
-2 - (-5 - -5) - 1 - 2
-5
What is the value of -10 - (-3 + -1 + -1)?
-5
What is -8 + 1 + -4 + 5?
-6
What is -10 + (0 - (13 + -22))?
-1
Calculate 1 + -1 - (12 - 10).
-2
Evaluate -10 - 0 - 0 - (-69 - -63).
-4
What is -3 + 8 - (1 + -2 + 4)?
2
Calculate 1 + 3 + -5 + 6.
5
1 + 1 + -2 + -2
-2
Calculate -1 + (5 - 15) + 11.
0
Evaluate -1 + 1 + -2 + -1.
-3
What is the value of 0 - (1 + 0 + -4) - -1?
4
Calculate (-5 - (0 + 3)) + 0 + 4.
-4
What is (-3 - 3) + 11 - (7 - 6)?
4
-2 - (-5 + -1 - -1)
3
What is (10 + -6 - 7) + -2?
-5
What is 3 - -4 - 10 - -7?
4
6 - (1 + (0 - -4))
1
15 + -16 - (1 - 2) - -5
5
What is the value of -5 - (2 - (2 + 3))?
-2
(6 + -7 - 5) + (2 - 1)
-5
What is 5 + 2 + (0 - 13)?
-6
-4 + 2 - (2 + -1)
-3
What is the value of -1 + 4 + (0 + -5 - -3)?
1
What is the value of -7 - ((2 - 2) + -4)?
-3
What is 20 + (-6 - 5) - 5?
4
Calculate (-3 + 9 - 1) + 1.
6
Evaluate (-2 - -5 - 5) + -3.
-5
Evaluate -8 - (0 + -4 - 0).
-4
-7 + (28 - 5 - 9)
7
What is -1 + 2 - (-3 + -1)?
5
1 + -3 + 4 + -1
1
What is (1 - 2) + -3 - (-1 + -2)?
-1
What is the value of -3 + -1 + -3 + (-1 - -3)?
-5
(-2 - (5 - 4)) + 1
-2
4 - (14 - (4 + -2))
-8
What is the value of 0 - (-14 + 3 + (5 - -1))?
5
-5 + -6 - (-8 - 0 - -4)
-7
What is -3 + -6 + 2 + 7?
0
2 - (6 + -2 - 1) - 4
-5
Evaluate (-11 - -13) + (-1 - -1).
2
What is the value of -2 + -3 + 0 + (-6 - -8)?
-3
Evaluate -1 - -5 - (3 - 4).
5
Evaluate -5 - -9 - ((6 - -1) + -6).
3
What is the value of 12 + -10 - (2 - 1)?
1
What is the value of 0 + (6 - 0 - 2) - -2?
6
Calculate (7 - (8 - 10)) + -8.
1
Calculate (14 - 9) + (-10 - -2).
-3
Calculate (5 - (4 + -3)) + -5 + 3.
2
Calculate (1 - (-1 + 16)) + (9 - 3).
-8
Calculate (-5 - -8 - 10) + (-5 - -6).
-6
What is (-18 + 10 - 3) + 10?
-1
What is 17 + 2 + -9 + -17?
-7
What is the value of -6 - (2 + -4 + -4)?
0
What is 5 - (1 + 0 + 4 - -6)?
-6
What is the value of 5 - (1 + 3) - -1?
2
Calculate 3 + -5 + (6 - 7) + 4.
1
Calculate 1 + 0 + 6 - 5.
2
5 + 6 - 7 - -5
9
What is the value of 1 + 2 - (7 + -8)?
4
Calculate -5 - -5 - 2 - (-1 + 4).
-5
Calculate -8 + 6 + 1 + -3.
-4
(1 - -1) + (-15 - -9)
-4
What is the value of -2 + 1 + (-1 - (-5 + 4))?
-1
Calculate -3 - (10 + -5 - 11).
3
What is -3 + (9 + (-3 - 2) - -5)?
6
Evaluate 9 - 9 - (-7 - (2 - 4)).
5
Evaluate -10 - (-3 - 1) - (1 + -2).
-5
Calculate -1 - (7 + -4) - -7.
3
(11 - 3) + -2 + (-3 - 1)
2
Calculate (9 - (16 + -5)) + -1.
-3
-3 - (1 + -2 - (12 + -9))
1
What is the value of 1 - (1 - -4 - 7)?
3
(2 - -6) + -4 - (1 - -9)
-6
Calculate 4 - (6 - (1 + 1 - -1)).
1
Evaluate -71 + 74 - (-2 + 4 + -2).
3
-4 - (-1 - (3 + -3 + 0))
-3
-9 + 5 + 0 + 2
-2
7 - (-3 - (-10 + -5))
-5
What is 14 - (3 - 3 - (2 - 8))?
8
What is 3 + (3 - 6) + -5?
-5
Evaluate -1 - 3 - -2 - (-9 - -2).
5
-3 - (1 + -4) - 4 - 0
-4
What is the value of (-2 - (-4 - -1)) + -1?
0
Calculate 9 + 4 + -11 - (3 + 1).
-2
What is the value of -34 + 15 - -13 - (-2 - -4)?
-8
What is 4 + 0 + -4 + 7 + -2?
5
Calculate 12 + (-6 - (-7 - -7)).
6
What is 5 + 5 - (-2 - -6)?
6
Evaluate (6 - -1) + 0 - (-8 + 13).
2
-1 + (0 - -2) + -3
-2
What is 6 - 2 - (-2 - -4)?
2
Evaluate 6 - (4 + -1 - 1).
4
Evaluate 0 + -3 - (2 + 1 - 4).
-2
Evaluate (60 - 61) + (0 - -6).
5
(-3 - -1) + -1 + 6 - 8
-5
What is the value of (-4 - 5 - (-5 - -1)) + 2?
-3
Evaluate (17 - -1) + (-25 - -11).
4
Calculate 1 + 5 + (3 - (14 - 3)).
-2
(-2 + 5 - 6) + 1 + -1
-3
Evaluate 3 + -3 + (0 - 2) + 6.
4
What is the value of (-3 - 3) + (4 - 5) + 1?
-6
What is the value of -3 + 0 + (10 - 5) + -2?
0
What is the value of -4 - (2 - 6) - (4 - 9)?
5
What is the value of 4 - (-6 + 6 + 3)?
1
What is (4 - 0) + 3 + -6?
1
Calculate 5 + -4 + -5 + 0.
-4
What is (0 - 2) + -2 + 1 + -2?
-5
What is 8 + -2 + -3 + -1?
2
Calculate -3 - (3 + -4) - -4.
2
7 - (1 + 4 + (4 - 4))
2
Evaluate (-5 - -18) + -21 + 1.
-7
What is -20 + 28 - (-4 - -2 - -5)?
5
(-10 - -6 - -6) + -1 + 1
2
What is -5 - (6 - (4 - -6))?
-1
Calculate (3 - -2) + -16 + 10.
-1
What is (-3 + 5 - -1) + 0 - 7?
-4
What is the value of 8 + 12 + -8 + -11?
1
(0 - (-3 + -1 + 6)) + 5
3
6 + -20 + -8 + 14
-8
What is 1 + (-1 - -3) + 2 + -1?
4
Evaluate 1 - (-2 - (-3 + 0) - 1).
1
Calculate (1 - -6) + -1 + 0 + -1.
5
What is the value of 4 - (5 - 7) - -2 - 2?
6
Evaluate 6 - (12 + -4 + -1).
-1
4 + (7 - 8) - 4
-1
Evaluate -3 + (0 - (-1 + -3)) + 1.
2
What is the value of -115 - -113 - (-1 + -7)?
6
1 + -9 + (-10 - -14)
-4
What is 2 - (6 + (3 - 5 - 3))?
1
-1 - ((-1 - 2 - 3) + 2)
3
What is the value of (-15 - -15) + 10 + -2 - 4?
4
Evaluate -9 - -10 - (4 - 6).
3
Evaluate 1 + (5 + -5 + -3 - 2).
-4
Calculate 2 + 5 - (0 - -4).
3
What is the value of 3 + (-1 - 0) + -1?
1
What is 4 + (-3 - -2) + -1 + -5?
-3
What is the value of 3 - -1 - 5 - (-9 + 4)?
4
Calculate (1 - (1 + -2)) + -9 + 9.
2
Evaluate 4 + (-19 - -5) + 2 - -6.
-2
Calculate -5 + -1 - (1 - 3 - -1).
-5
What is the value of -1 + 2 - 3 - 2?
-4
What is the value of 4 + (0 - 10) + 2?
-4
6 + (0 + 7 - 12)
1
What is the value of (0 - ((3 - -5) + -4)) + -1?
-5
What is (-1 - -2) + (9 - 2 - 5)?
3
What is the value o